f -j**5/60 - 5*j**4/24 + 17*j**3/6 + 5*j**2. Let h be s(-7). What is the highest common factor of h and 33?
3
Let r be 2208/161*(13 - -1). Calculate the highest common divisor of r and 16.
16
Suppose -5*z + 3663 = -4*l, 0 = 2*z - 5*l - 658 - 814. Calculate the highest common factor of z and 215.
43
Let j be (10/4)/(51/6 + -8). Suppose j*a = -20, 0 = -z + 5*a + 26 + 17. Calculate the highest common divisor of 253 and z.
23
Suppose 4*g + 39 + 5 = 4*q, 3*q - 9 = -g. Let d be g/(-14) - (-3 - (-160)/(-35)). Calculate the greatest common divisor of d and 6.
2
Let w = -44 - -72. Let h be 16/(4 + (-15)/4). Suppose 0*g = 3*g - 3*c - 141, 4*c - h = -2*g. What is the highest common factor of g and w?
14
Let x = 108 - 62. Let n be 4*1/(-8)*-230. Calculate the highest common divisor of n and x.
23
Let t = 23 - 20. Suppose -7*u = -t*u - 28. Calculate the highest common divisor of u and 56.
7
Suppose 1377 = 4*o + t, 3*o - 382 = -t + 650. What is the highest common divisor of o and 46?
23
Let q(n) = 41*n - 11. Let o be q(1). Suppose 0 = 5*k + 4*z - 46, 0 = 4*k - 3*z + 2 - 14. What is the greatest common divisor of o and k?
6
Let d be (-5 - (-30)/6) + 56 + 4. What is the greatest common divisor of 252 and d?
12
Let m = -72 + 73. Let b be 24 - -9*m/(-3). Let g = 7 - 0. Calculate the highest common factor of b and g.
7
Let y be 2/(-1)*1/(-2)*4. Suppose 5*z - 617 = y*i, z + 2*z - 381 = -3*i. Calculate the highest common divisor of 50 and z.
25
Suppose 2*y = 2*b - 194 - 328, -4*y = -b + 276. Suppose 2*h - 16 = -4*q + 80, 2*q = -5*h + b. Let s = 76 - h. Calculate the greatest common divisor of 36 and s.
12
Let v be 1 + 2 - (11 - 11). Let w be (-6 - v)/((-3)/4). Calculate the highest common divisor of w and 30.
6
Let s be (-27)/(((-84)/20 - -3) + 1). Let x(t) = -2*t + 5. Let w = 11 - 16. Let v be x(w). Calculate the highest common divisor of v and s.
15
Let n(q) = -3*q**3 + 5*q**2 - 6*q. Let s(y) = 6*y**3 - 9*y**2 + 11*y. Let v(z) = 11*n(z) + 6*s(z). Let g be v(1). What is the greatest common factor of g and 6?
2
Let v(z) = -2*z + 6. Let y be v(-9). Suppose 2*d = -2*d + y. Suppose -5*k + 20 = l, -3*k = -2*l + 3 - 2. What is the greatest common factor of d and k?
3
Let s be 88 - (1 + (-2)/2). Suppose -4*h - 44 = -8*h. Calculate the highest common factor of s and h.
11
Let r(p) be the second derivative of -p**4/12 + 3*p**3/2 - 12*p. Let s be r(5). Calculate the highest common factor of s and 50.
10
Let b be -2 + ((-140)/6)/(14/(-147)). What is the highest common divisor of 27 and b?
27
Let s(f) = f**3 + 7*f**2 + 8*f + 4. Let l be s(-5). Let n = 763 - 693. What is the highest common factor of n and l?
14
Let m(i) = 28*i**2 + 43*i + 43. Let l be m(-1). Suppose 0 = v - 3*v + 112. What is the greatest common factor of v and l?
28
Suppose 171 = 3*q + 4*v, 32*q - 299 = 27*q - 2*v. Calculate the greatest common divisor of 61 and q.
61
Let y(k) = -k**3 + k**2 + 10*k + 26. Let b be y(-6). Calculate the greatest common divisor of b and 763.
109
Let r = 433 - 279. Suppose -3 = -3*v - 0*v. Let w be -1 - (v + -16 + (-6 - -6)). Calculate the greatest common factor of r and w.
14
Let j(a) = 169*a - 39. Let z be j(5). Calculate the highest common factor of 26 and z.
26
Suppose -46 = -0*c - 2*c + 2*k, 5*k = 2*c - 49. Let n(s) = 16 - 3 + 2*s**2 - 2*s + 10*s. Let z be n(-7). What is the highest common divisor of c and z?
11
Let x(f) = f**3 + 8*f**2 + 5*f + 8. Let o be x(-7). Let y = 85 - 30. What is the greatest common factor of y and o?
11
Suppose 1344 = 5*f - 4*t, 2*t - 564 = -2*f - 3*t. Calculate the greatest common divisor of f and 8.
8
Let f = 40 + -38. Let a(g) = g**2 - g + 4. Let t be a(0). Suppose 0 = -2*n - 0*n - 2*i + f, -t*i = -n + 26. What is the highest common factor of n and 2?
2
Suppose 0 = 57*i - 64*i + 1113. Let w = -45 + i. What is the highest common divisor of w and 285?
57
Let v(c) = c**2 + 4*c. Suppose -q - 12 = -2*p, -4*q + 4*p = -q + 30. Let h be v(q). What is the highest common factor of 18 and h?
6
Suppose 5*t - 256 = 4*u, -302 + 90 = -4*t + 5*u. What is the greatest common divisor of 1536 and t?
48
Suppose b - 25 = 5*k, -5*b + 6 = -3*b + k. Suppose -b*z - 5 = 0, 65 = 2*h + z - 198. Calculate the highest common divisor of h and 12.
12
Let l be 7*(1/(-4) + (-30)/(-24)). Let j(y) = y + 0*y**3 + y**3 + 4 + y**3 + 0*y**2 - 5*y**2. Let m be j(4). What is the highest common divisor of l and m?
7
Suppose -5 - 19 = -2*s. Let x(y) = 11*y - 76. Let q be x(8). Calculate the highest common divisor of s and q.
12
Let f be 8*(-9)/(-72) - -224. Calculate the greatest common factor of 135 and f.
45
Let k = 2260 + -1853. Calculate the highest common factor of 11 and k.
11
Suppose -16 = -3*t + 2. Suppose -t*x = -3*x - 6. Let f be -1 + 7 + -2 - x. What is the highest common factor of 2 and f?
2
Let t(s) = -20*s**3 + 4*s**2 + s - 1. Let k be t(-2). Suppose -2*u = 5*q - 0*q - 59, 4*u - k = q. Calculate the greatest common divisor of u and 126.
42
Let r be (213 - 3/(-1)) + -8. Calculate the greatest common divisor of r and 32.
16
Suppose 2*m - 2*u = -3*u - 7, -3*m + u = 8. Let g be ((-4)/m)/(4/6). Suppose 0 = 2*i + 4, 16 = -3*k - i + 62. Calculate the greatest common divisor of g and k.
2
Suppose f = 2*x - 3 - 34, -5*x - 5*f + 130 = 0. Let c = x + -7. Let m be (-36 - -8)/(6/(-21)). Calculate the greatest common factor of c and m.
14
Let p be 23 - 4*(-4)/8. Let r = 11 + p. Let k = r - 10. What is the highest common divisor of 208 and k?
26
Let d be 4/(8/(-6)) + 4. Let j be -1 + -3 + 6 - d. Calculate the highest common factor of 4 and j.
1
Let j(l) = -12*l**3 - l**2 - 3*l + 1. Let g be j(-2). Let h = -12 + 23. What is the highest common divisor of h and g?
11
Let r be 2/(-6) - (-354)/9. Let s(z) be the first derivative of z**3 - z**2 - 14*z + 10. Let y be s(4). What is the highest common divisor of r and y?
13
Let f = -19 - -22. Suppose -5*q - 85 = -5*p - 0, -50 = -f*p + 4*q. Let r = -1 + 4. What is the highest common factor of p and r?
3
Let q = 206 - 158. What is the greatest common divisor of q and 60?
12
Let f(c) = c**3 - 7*c**2 + c - 3. Let g be f(7). Suppose g = x + 3. Let d = 3 - 2. Calculate the highest common divisor of d and x.
1
Let x = 0 - -1. Let o be -2 + 2 - (-4 + x). Suppose 8*q = o*q + 25. Calculate the highest common factor of 55 and q.
5
Let t be 2/2 - (3 + 27/(-1)). What is the greatest common factor of 775 and t?
25
Let v = 1596 - 1308. Calculate the greatest common divisor of 9 and v.
9
Suppose -7 = 4*f - 15. Let i be 4/f - (-57 - 7 - -4). What is the greatest common divisor of i and 155?
31
Let j(w) = 3*w**3 - 7*w**2 + 6*w + 4. Let z be j(2). Calculate the highest common factor of 384 and z.
12
Let z = -2 + 7. Suppose 6*w - z*w = -27. Let x = 39 + w. Calculate the greatest common factor of 96 and x.
12
Let u(n) = -n**3 + 4*n**2 + 4*n**2 + 4 - n**2 - 3*n**2 + n. Let g be u(4). Calculate the greatest common factor of 24 and g.
8
Let a(u) = 3*u**3 - u**2 + 3*u - 7. Let r be a(3). Let j = r + -40. Calculate the highest common divisor of 34 and j.
34
Suppose 2*v - 208 = 3*l, -l - 3*v - 27 = 57. Let t be l/16*(-5)/(30/8). What is the highest common divisor of 18 and t?
6
Let b(p) = 41*p**2 + 2*p. Let o be b(2). Let i be 113 - (-7 + 56/7). What is the highest common factor of o and i?
56
Let y be 56/70*(-345)/(-2). Calculate the highest common factor of 92 and y.
46
Suppose -4*i = 0, 54 = x - 3*i + 18. What is the greatest common divisor of 852 and x?
12
Let h(p) = 17 - 11 - 11*p + 15 - 48. Let q be h(-5). What is the greatest common divisor of q and 21?
7
Let u be 7*(1590/105 - 10). Let a = 20 + -5. Suppose -5*l + a = -255. What is the greatest common divisor of u and l?
18
Suppose 26*g - 24*g - 5*c = 1113, 3*g = -2*c + 1698. What is the greatest common divisor of g and 12?
12
Let j(s) = -54*s. Let u be j(-1). Let a = 69 + -54. Let f = a - 9. Calculate the highest common divisor of f and u.
6
Let x(c) = 5*c + 4 + 6 - c**2 + 4 - 16*c. Let t be x(-12). Suppose -t*m - m + 264 = 0. Calculate the highest common divisor of 8 and m.
8
Suppose -569 = -4*n - 4*q + 723, -n = -5*q - 299. Calculate the greatest common divisor of 11 and n.
11
Suppose -352*g = -333*g - 2850. Calculate the highest common divisor of g and 2250.
150
Suppose 4*i - 5*s + 260 - 34 = 0, -3*i + 5*s - 1